1, 787
What are the prime factors of 83125?
5, 7, 19
List the prime factors of 4266873.
3, 13, 36469
What are the prime factors of 6026681?
631, 9551
What are the prime factors of 98417?
11, 23, 389
List the prime factors of 65573.
23, 2851
What are the prime factors of 645142?
2, 322571
What are the prime factors of 1035924?
2, 3, 173, 499
What are the prime factors of 11913?
3, 11, 19
List the prime factors of 37616095.
5, 11, 827
List the prime factors of 312770.
2, 5, 31277
What are the prime factors of 680417?
680417
What are the prime factors of 373437?
3, 13831
What are the prime factors of 640611?
3, 17, 53, 79
List the prime factors of 317003.
317003
List the prime factors of 155481.
3, 51827
List the prime factors of 7125333.
3, 2375111
What are the prime factors of 2522286?
2, 3, 13, 3593
List the prime factors of 161058.
2, 3, 17, 1579
List the prime factors of 4788501.
3, 47, 33961
List the prime factors of 32254.
2, 16127
What are the prime factors of 912485?
5, 7, 29, 31
What are the prime factors of 315893?
315893
What are the prime factors of 181519?
13, 13963
List the prime factors of 8295181.
641, 12941
List the prime factors of 3411962.
2, 457, 3733
What are the prime factors of 10119586?
2, 23, 179, 1229
List the prime factors of 879323.
47, 53, 353
List the prime factors of 2634162.
2, 3, 47, 9341
What are the prime factors of 1128677?
11, 102607
What are the prime factors of 545023?
545023
What are the prime factors of 3162839?
3162839
List the prime factors of 7582024.
2, 947753
List the prime factors of 3901902.
2, 3, 650317
List the prime factors of 280322.
2, 7, 20023
List the prime factors of 215259.
3, 11, 593
What are the prime factors of 202530?
2, 3, 5, 43, 157
List the prime factors of 32699758.
2, 7, 13, 25667
List the prime factors of 9854692.
2, 19, 127, 1021
What are the prime factors of 2390594?
2, 107, 11171
What are the prime factors of 5210180?
2, 5, 19, 13711
What are the prime factors of 14501756?
2, 47, 77137
What are the prime factors of 1636890?
2, 3, 5, 54563
List the prime factors of 6284859.
3, 7, 107, 2797
List the prime factors of 18351487.
7, 11, 238331
List the prime factors of 6320499.
3, 2106833
What are the prime factors of 5656769?
29, 107, 1823
List the prime factors of 899088.
2, 3, 18731
What are the prime factors of 143755?
5, 28751
List the prime factors of 541733.
41, 73, 181
What are the prime factors of 3933947?
47, 83701
List the prime factors of 216943.
59, 3677
What are the prime factors of 3753680?
2, 5, 7, 6703
List the prime factors of 1053221.
13, 81017
List the prime factors of 8873664.
2, 3, 113, 409
List the prime factors of 5158025.
5, 19, 10859
What are the prime factors of 9876881?
7, 17, 71, 167
What are the prime factors of 409513?
13, 17, 109
List the prime factors of 54958.
2, 27479
List the prime factors of 12055721.
12055721
List the prime factors of 131709.
3, 43, 1021
List the prime factors of 222504.
2, 3, 73, 127
What are the prime factors of 5766116?
2, 1441529
List the prime factors of 200951.
23, 8737
What are the prime factors of 309245?
5, 127, 487
What are the prime factors of 758241?
3, 11, 23, 37
What are the prime factors of 303554?
2, 23, 6599
List the prime factors of 188546.
2, 94273
What are the prime factors of 22387343?
11, 2035213
What are the prime factors of 11117616?
2, 3, 61, 3797
What are the prime factors of 500458?
2, 7, 35747
List the prime factors of 929154.
2, 3, 23, 6733
List the prime factors of 345437.
23, 653
List the prime factors of 464921.
97, 4793
List the prime factors of 176528.
2, 11, 17, 59
What are the prime factors of 65700?
2, 3, 5, 73
What are the prime factors of 155412?
2, 3, 1439
List the prime factors of 1379038.
2, 229, 3011
What are the prime factors of 5427439?
5427439
What are the prime factors of 29809591?
7, 608359
List the prime factors of 51204.
2, 3, 17, 251
List the prime factors of 38953793.
2447, 15919
List the prime factors of 785292.
2, 3, 31, 2111
List the prime factors of 419119.
107, 3917
What are the prime factors of 16217035?
5, 59, 54973
What are the prime factors of 240917?
103, 2339
What are the prime factors of 22643729?
22643729
What are the prime factors of 235875?
3, 5, 17, 37
What are the prime factors of 11690173?
11, 8783
List the prime factors of 7688873.
43, 163, 1097
What are the prime factors of 1587317?
19, 4397
What are the prime factors of 4828623?
3, 67, 24023
What are the prime factors of 509595?
3, 5, 53, 641
What are the prime factors of 438761?
438761
What are the prime factors of 62204?
2, 15551
What are the prime factors of 8288821?
1187, 6983
List the prime factors of 291876.
2, 3, 13, 1871
What are the prime factors of 552709?
552709
What are the prime factors of 269345?
5, 103, 523
What are the prime factors of 209277?
3, 23, 337
List the prime factors of 1951724.
2, 101, 4831
What are the prime factors of 11917?
17, 701
What are the prime factors of 161281?
161281
List the prime factors of 300519.
3, 33391
List the prime factors of 1247943.
3, 503, 827
What are the prime factors of 207578?
2, 7, 14827
List the prime factors of 4029715.
5, 23, 67, 523
What are the prime factors of 2517767?
7, 51383
What are the prime factors of 1170116?
2, 43, 6803
What are the prime factors of 92615?
5, 18523
What are the prime factors of 5561?
67, 83
What are the prime factors of 151852?
2, 37963
What are the prime factors of 1818838?
2, 7, 129917
What are the prime factors of 79652?
2, 19913
List the prime factors of 3754622.
2, 71, 137, 193
List the prime factors of 3632.
2, 227
List the prime factors of 6277219.
13, 482863
List the prime factors of 661945.
5, 41, 3229
What are the prime factors of 10980230?
2, 5, 1098023
List the prime factors of 589477.
7, 84211
What are the prime factors of 4840785?
3, 5, 97, 1109
List the prime factors of 5827341.
3, 13, 149419
List the prime factors of 143550.
2, 3, 5, 11, 29
What are the prime factors of 3544185?
3, 5, 23, 10273
List the prime factors of 428716.
2, 19, 5641
List the prime factors of 19962525.
3, 5, 11, 24197
What are the prime factors of 4380843?
3, 1460281
What are the prime factors of 937802?
2, 19, 23, 29, 37
List the prime factors of 2017572.
2, 3, 19, 8849
What are the prime factors of 9026301?
3, 31, 71, 1367
List the prime factors of 3250207.
3250207
List the prime factors of 6584097.
3, 13, 79, 2137
What are the prime factors of 6872150?
2, 5, 137443
List the prime factors of 1393034.
2, 696517
What are the prime factors of 456668?
2, 114167
What are the prime factors of 4763302?
2, 2381651
List the prime factors of 1337950.
2, 5, 26759
List the prime factors of 2517184.
2, 37, 1063
What are the prime factors of 9623226?
2, 3, 1603871
What are the prime factors of 538675?
5, 29, 743
List the prime factors of 314257.
314257
List the prime factors of 2709240.
2, 3, 5, 107, 211
List the prime factors of 603281.
7, 86183
What are the prime factors of 1272007?
11, 115637
What are the prime factors of 2018428?
2, 504607
What are the prime factors of 35411?
17, 2083
What are the prime factors of 11423340?
2, 3, 5, 63463
What are the prime factors of 1111727?
1111727
What are the prime factors of 8547312?
2, 3, 178069
What are the prime factors of 1470916?
2, 41, 8969
What are the prime factors of 686385?
3, 5, 7, 2179
What are the prime factors of 5960963?
47, 53, 2393
What are the prime factors of 9845922?
2, 3, 37, 44351
What are the prime factors of 142877?
7, 20411
What are the prime factors of 7927113?
3, 283, 9337
What are the prime factors of 400240?
2, 5, 5003
What are the prime factors of 232357?
232357
List the prime factors of 1903552.
2, 7, 607
What are the prime factors of 4716943?
7, 11, 5569
List the prime factors of 1009694.
2, 7, 10303
What are the prime factors of 1942390?
2, 5, 194239
What are the prime factors of 3320846?
2, 1660423
What are the prime factors of 260014?
2, 29, 4483
List the prime factors of 11696856.
2, 3, 19, 113, 227
What are the prime factors of 12541312?
2, 7, 13997
List the prime factors of 3138210.
2, 3, 5, 59, 197
List the prime factors of 10124649.
3, 374987
What are the prime factors of 301702?
2, 251, 601
List the prime factors of 1556412.
2, 3, 11, 13, 907
What are the p